ose -5*y + s - 34 = 0, -18 = 4*y + y + 3*s. Let h be m(y). Let l(p) = p**3 - 6*p**2 - 8*p - 6. Give l(h).
-13
Let v(b) = 6*b**3 + 3*b + 0*b**3 + b**3 - 3 - 9*b**3. Give v(2).
-13
Suppose 21 = -5*n - 4. Let q(b) be the second derivative of b**5/20 + 5*b**4/12 + 2*b**3/3 + 2*b**2 + 65*b. What is q(n)?
-16
Let r(d) = 31*d**2 - 9*d + 11. Let q(a) = -14*a**2 + 4*a - 5. Let f(l) = -13*q(l) - 6*r(l). Calculate f(1).
-3
Let j(s) = s**2 + 6*s + 13. Let t be j(-4). Suppose t*h + 3*x = -31 - 1, -4*x + 32 = -4*h. Let d(v) = -v**2 - 7*v - 4. Determine d(h).
-4
Let u(n) = 4*n + 3*n - n + 0 - 1. Let v be u(1). Let c(a) = -a + v*a - a. Give c(-3).
-9
Let k = -196 + 195. Let c(a) = 2*a + 6. Let s(o) = o + 5. Let p(z) = 4*c(z) - 5*s(z). What is p(k)?
-4
Let j(n) = -4*n - 40. Let a(k) = 2*k + 19. Let h(p) = 5*a(p) + 3*j(p). Calculate h(-12).
-1
Suppose 2*v = -5*t - 2, 0 = 2*t - 7*v + 6*v - 1. Let g(c) be the third derivative of -5*c**2 + 0*c + 1/8*c**4 + t + 1/60*c**5 - 2/3*c**3. Determine g(-3).
-4
Let o(m) = -3 + 29*m**2 + m**3 + 9 + m - 24*m**2 - 2. Suppose 0 = -2*k - 0 + 26. Let u(g) = g**2 - 12*g - 18. Let a be u(k). Calculate o(a).
-1
Let k be (-2064)/(-18) - 3/9*-1. Let s(x) = -8 - x**2 + 8*x**2 - k*x + x**3 + 213*x - 108*x. Calculate s(-8).
8
Let s(p) be the first derivative of -3*p**2 + p - 74. Let i(x) = x**2 + 11*x + 19. Let c be i(-8). Determine s(c).
31
Let u(f) = -5 - 3 - 3*f - 4 + f**2 - 5*f. Let i be u(9). Let s(h) = -h. Calculate s(i).
3
Let p(m) = -88 - 12*m + 20 + 52 + m**2. What is p(12)?
-16
Let f = 0 + 1. Let r(m) = 60*m + 520. Let i(g) = 90*g + 800. Let c(u) = 13*i(u) - 20*r(u). Give c(f).
-30
Let g(b) be the first derivative of -b**3/3 - 11*b**2/2 - 13*b + 33. Calculate g(-10).
-3
Let f(v) = -5*v - 1. Let p(c) = -c + 3. Let s(a) = -2*a + 5. Let r(h) = -5*p(h) + 3*s(h). Let q(x) = -f(x) - 2*r(x). Let z be (-24)/(-6) + 3*-1. Give q(z).
8
Let w(a) = a**3 + 3*a**2 - 2*a + 3. Let x be ((-20)/7)/((-12)/42). Let u = x + -14. Calculate w(u).
-5
Suppose 0 = -2*m + 47 - 47. Let g(y) be the second derivative of m - y**2 - 1/4*y**4 + 0*y**3 - 5*y. Calculate g(2).
-14
Let y(p) be the first derivative of 2 - p + 1/2*p**2 - 1/3*p**3 + 1/20*p**5 - 1/6*p**4. Let d(k) be the first derivative of y(k). Calculate d(3).
4
Let n(u) = u**3 + 5*u**2 + u + 4. Let h = 33 + -17. Suppose -h*l + 13*l = 15. What is n(l)?
-1
Let v(z) = 74*z**2 - z**3 - 2 - 41*z**2 - 43*z**2 - 2*z - 6. What is v(-10)?
12
Let z(k) = k**3 - 2*k**2 + 5*k - 1. Let n(x) = x**3 - x**2 + 5*x - 1. Let l(y) = -3*n(y) + 4*z(y). Determine l(4).
3
Let f = -55 - -63. Let i(l) = -2*l**2 - 5. Let x(w) = -6*w**2 + w - 14. Let q(g) = f*i(g) - 3*x(g). Determine q(3).
11
Let q(t) = t**3 - t**2 - 2*t - 7. Let v(a) = -a**3 + 18*a**2 + 17*a + 41. Let d be v(19). What is q(d)?
5
Let s(p) = p**3 + p**2 - 2*p - 1. Let u be (-2)/(-10) - (-19)/5. Let l(x) = x**3 - 3*x**2 - 4*x - 2. Let t be l(u). Determine s(t).
-1
Suppose 5*l + 14 = 3*m, 0 = 12*m - 8*m - 3*l - 4. Let o(j) = -j + 1. Determine o(m).
3
Let b(l) be the second derivative of -l**4/12 - 4*l**3/3 + 12*l**2 + 228*l. Determine b(-10).
4
Let j(n) = -4*n**2 - 10*n - 7. Suppose 4*k + 12 = -y, -46*y = -k - 42*y - 3. Calculate j(k).
-13
Suppose -b + a = 4*b + 12, -5*b - 2*a - 6 = 0. Let g(v) = 8*v + 12. Determine g(b).
-4
Let j(m) = -50*m**2 + 25*m**2 + m**3 + 21*m**2 - 6 - m - 4*m. Determine j(5).
-6
Let a(x) = 0*x + 4*x - 6*x - 3*x - 19. Let j be a(-5). Let w(p) = p**2 - 5*p - 2. Determine w(j).
4
Let k(m) be the first derivative of -m**3/6 - 2*m**2 + 34*m - 32. Let b(v) be the first derivative of k(v). Determine b(-11).
7
Suppose -2*d - 2*t = -2, -d - 3*t = -5*t - 10. Let j(r) = r + 1. Let s(y) = -3*y - 6. Let c(u) = d*j(u) + s(u). What is c(0)?
-2
Let a = -3 + 12. Suppose 5*l - 66 = -1. Let v = a - l. Let z(m) = -m**3 - 4*m**2 - m - 3. Determine z(v).
1
Let d(q) be the first derivative of q**2/2 - 5*q + 2. Let a be 28*((-6)/(-9))/(10/(-15)). Let h = -24 - a. What is d(h)?
-1
Suppose 3*n = 3*h - 63, 2*n = -4*h - 0*h + 60. Suppose 3*q + h = -2*w, 2*w + 25 - 2 = 3*q. Let v(r) = -r**3 - 11*r**2 - 10*r - 5. What is v(w)?
-5
Let y(t) be the first derivative of -t**6/12 + t**5/60 - t**4/24 + 17*t**2/2 + 9. Let m(r) be the second derivative of y(r). What is m(1)?
-10
Let x(f) = -7*f**2 - 2*f - 2. Let l(z) = 155*z**2 + 45*z + 45. Let q(y) = -2*l(y) - 45*x(y). Suppose -j - j - 3 = -m, -3*j = -3*m + 3. What is q(m)?
5
Suppose -k = -4*x - 0*x - 18, 5*x + 10 = 0. Let m(s) = -3*s + 23. Determine m(k).
-7
Let s(l) = 3*l - 5. Let c be (6/(-4))/(9/48). Suppose 4*j + 12 = 3*j. Let b = j - c. Determine s(b).
-17
Let p(n) = -14*n + 3. Let h(l) = -5*l + 1. Let d(i) = 17*h(i) - 6*p(i). Suppose -y - 100 = -6*y. Let o be (4/4)/(5/y). Give d(o).
-5
Let l = 15 - 11. Suppose 2 = l*c - 2. Let k(f) = 2*f - 2 - c - 3 + 0. Determine k(6).
6
Let y(u) be the third derivative of u**5/60 + u**4/3 + 5*u**3/2 + 11*u**2 - 20. What is y(-6)?
3
Let r(y) = 2*y + 1. Let v = -14 - -18. Let q be (v - 3)/(1/(-1)). Let w be (-1)/(q/15*-3). Determine r(w).
-9
Let w(s) = -9*s - 30. Let r be w(-4). Let c(y) = -13*y**2 - y - 4. Let k(q) = 15*q**2 + 2*q + 5. Let h(m) = -7*c(m) - 6*k(m). Calculate h(r).
4
Suppose h + 2 - 11 = 0. Let s(i) = 3*i. Let o(l) = 20 - 4*l - l - 2*l - 19. Let d(q) = h*s(q) + 4*o(q). Calculate d(-4).
8
Suppose d + d = -4. Let n(s) be the first derivative of -s**2 - s - 35. Determine n(d).
3
Let f = -3 + -3. Let u(h) = -2 + 953*h - 5 - 954*h. What is u(f)?
-1
Suppose o + 5*s - 30 = 0, -2*o = 2*s + 5 - 25. Suppose f + 8 + 10 = -3*a, 2*a - 5*f = o. Let y(w) = w + 9. What is y(a)?
4
Let x(f) = -4*f**2 + 2 - 1 - f**3 + 2*f**2. Let g(j) = j + 25. Let c be g(-8). Let d = 18 - c. Calculate x(d).
-2
Suppose 31*q - 18 = 28*q. Let v(b) = -9*b + 2. Let z(h) = 4*h - 1. Let a(r) = -3*v(r) - 7*z(r). What is a(q)?
-5
Let a(b) = b**3 + 4*b**2 - 8*b - 4. Let i be 32/48*30/(-4). What is a(i)?
11
Let q be 1/1 - (-2 + 0). Suppose 2*v - q*v - 2 = 0. Let d = v + -4. Let o(b) = b + 7. Calculate o(d).
1
Let a(w) = -w**3 - 6*w**2 + 2*w + 6. Let b(v) = -18*v**2 + v + 5. Let o be b(3). Let u be ((-264)/o)/((-4)/14). What is a(u)?
-6
Suppose 0 = 3*t - 36 + 33. Let u(p) = 11*p**2 - p. What is u(t)?
10
Let u(x) = -3 + x**2 - 255*x + 0*x**2 + 253*x. Let b be u(2). Let g(r) = -3 - 4*r**2 + 2*r**3 - 3*r - 2*r - 3*r**3. Give g(b).
3
Let c(m) = 3*m**2 - 3 + 6*m**2 - 2*m - 8*m**2. Let l be c(4). Let w(j) = 3*j - 4*j + 3 + l + 0. Calculate w(0).
8
Let p(u) = 4 - 4*u**2 + 14*u**2 - 4*u**2 - 8*u**2 - u. Give p(2).
-6
Let a(o) = 4*o + 1. Let d(u) = u**3 + 9*u**2 - 34*u - 11. Let t(s) = -6*a(s) - d(s). What is t(-10)?
5
Suppose -4*k = -5*m - 26, -16 = 5*m - 2*k + 12. Let n(y) = y + 9. Give n(m).
3
Let w(f) = f**2 + 3*f - 8. Let z(l) = 24*l - 175. Let x be z(7). Determine w(x).
20
Suppose 0 = 2*b + 4*b - 54. Let u(y) be the second derivative of y**5/20 - 2*y**4/3 - 3*y**3/2 + 7*y**2/2 + 13*y. What is u(b)?
7
Let v = 34 - -12. Let u(j) = 91 + j**2 - 41 + j - v. Calculate u(-4).
16
Let a(h) be the first derivative of -3*h**2/2 + 3*h + 88. Give a(5).
-12
Let i = -4 - 1. Let b(n) = 6*n**3 + 9*n**2 - 3*n - 2. Let o = -205 + 210. Let h(w) = -w**3 - w**2. Let f(p) = o*h(p) + b(p). Determine f(i).
-12
Let w(q) be the first derivative of q**4/4 + 4*q**3 + q**2/2 + 9*q + 10. Let p be w(-12). Let o(u) = 0 - u - u**2 + 0 + 4. Determine o(p).
-2
Let u be 6 + -3 - (-4)/4. Let b be (15/(-5))/((-6)/u). Let q(f) = f**3 - 8 - 3*f - 4*f + 6*f**b + 5*f. Determine q(-6).
4
Let d(r) = -r**3 - 6*r**2 + 3*r - 7. Let u(t) = 22*t + 148. Let b be u(-7). Calculate d(b).
-25
Let h = 11 - 6. Let b(f) = -7*f - 29 + 21 + 14 + 5*f**2. Let u(t) = -6*t**2 + 8*t - 7. Let i(q) = h*b(q) + 4*u(q). Calculate i(2).
0
Let x(g) = 6*g + 7. Let r(k) = k**2 + 8*k + 9. Let a(z) = -2*r(z) + 3*x(z). Determine a(4).
-21
Let a(l) = 5*l**2 - l. Let z(c) = c**2 + 8*c + 2. Let d be z(-8). Suppose -5*f + d = -3. What is a(f)?
4
Let t(n) = -3*n**2 + 17*n + 2. Suppose -a + 27 = -5*j, 2*a + 41 = 5*a - 5*j. Calculate t(a).
-26
Let w(x) be the first derivative of -15/2*x**2 - x + 2. Suppose -1 = -0*d + d. What is w(d)?
14
Let z(v) = v**2 - 6. Let o(d) be the first derivative of 6 - 17*d + 2/3*d**3 - 1/2*d**2. Let k(t) = -4*o(t) + 11*z(t). What is k(-2)?
6
Let o = 2119 + -2134. Let